5/20 + 5*o**4/3 - 25*o**3/6 + o**2 + 16*o. What is the tens digit of i(m)?
0
Let i = -3041 + 817. What is the units digit of 75/20*(-5)/(60/i)?
5
Suppose -35*m = 76*m - 451104. What is the tens digit of m?
6
Suppose 31*d = 37*d - 47706. What is the units digit of d?
1
Let q be (-1 + 5/1)/(92/69). Suppose 1035 = 3*l + q*v, -3*l - v = -694 - 333. What is the tens digit of l?
4
Let c be -303*(-3 - (-12)/3). Let f = 359 - 527. Let p = f - c. What is the units digit of p?
5
What is the tens digit of (1 - (30/(-4) - -8))*(2500 + 2)?
5
What is the ten thousands digit of (-62)/((-12)/(-5156)*(-2)/3)?
3
Let m(b) = 85*b + 9. Let r(h) = -45*h - 4. Let t(l) = 3*m(l) + 5*r(l). What is the tens digit of t(10)?
0
Let u(z) = 22*z + 70. Let f be u(-3). Suppose -2*p - f*s = -544, -p + 176 + 84 = 5*s. What is the units digit of p?
0
Suppose -49*b = -46*b - 21. Let r(k) = k**3 + 5*k**2 + 7*k - 17. What is the tens digit of r(b)?
2
What is the ten thousands digit of 288/24 - (-17476)/1?
1
Let o(w) = 611*w + 788. What is the hundreds digit of o(3)?
6
Suppose -2*y = -z - 1 - 8, 5*y = -5*z. Suppose y*s - 228 = -3*w, -w - 45 + 201 = 2*s. What is the units digit of s?
0
Let x(q) = 7 - 22*q - q**2 + 33*q + 32*q. What is the tens digit of x(23)?
6
Let k(f) = -1754*f + 1550. What is the units digit of k(-30)?
0
Let v be (-1 - (-1 + 5))*(-32 - 6). Suppose 4*n - v - 2 = 0. What is the units digit of -3*70/63*n/(-10)?
6
Let k be 55/22*6296/20. Suppose -k - 753 = -22*j. What is the units digit of j?
0
Suppose -2466*j - 162660 = -2472*j. What is the tens digit of j?
1
Let u = 1438 + 11059. What is the ten thousands digit of u?
1
Suppose -23*t - 27860 = -130672 - 298078. What is the thousands digit of t?
7
Suppose -9*n = -5*n + 40. Let a = -8 - n. Suppose 0*q - a*q = -116. What is the units digit of q?
8
Let n be ((-40)/(-15))/(4/6) + 2. Let d = -31 - -33. What is the units digit of (24/8)/(d/n)?
9
Let h = -232 + 302. Suppose 0 = h*i - 61*i - 9711. What is the hundreds digit of i?
0
Let s = 18991 + 15561. What is the hundreds digit of s?
5
Suppose 2*f = -h + 3787, 3*h + 5*f = 6*h - 11361. Suppose 0 = 5*x + 1537 - h. What is the units digit of x?
0
Let o(r) = r**3 + 8*r**2 - 18*r + 24. Let j be o(-10). Suppose -3*x - 5*v = 20, 0 = j*v - 1 + 17. What is the units digit of x - 0 - (-3 - 288)?
1
Suppose -80*b = 136*b - 1568808. What is the tens digit of b?
6
Let v = 17 - 22. Let n(t) = -4*t - 16. Let f be n(v). Suppose -4*s - 4 = 0, w - 4*s = f*w - 275. What is the units digit of w?
3
What is the units digit of 6/21 + ((-852047)/(-49) - 16)?
3
Let c(r) = 432*r**3 + 3*r**2 - 2*r. Let s = 51 + -50. What is the hundreds digit of c(s)?
4
Suppose 0 = 5*i + x - 7529, -5*i - 4*x = -7*x - 7513. Suppose -3*t + 899 = -2*k, 0 = -5*t - 9*k + 11*k + i. What is the tens digit of t?
0
Let z(x) = -32*x - 476. Let u be z(-15). Suppose 2*d = -u*b + 7016, -2*d - 5255 = -4*b + b. What is the tens digit of b?
5
Let x(c) be the first derivative of c**3/3 - 3*c**2/2 + 834*c - 254. What is the tens digit of x(0)?
3
Suppose -21236 = -3*d - 4*r - 6955, 0 = 4*d - 4*r - 19032. What is the units digit of d?
9
Let r(p) = -2*p**2 + 11*p + 81. Let h be r(-5). What is the hundreds digit of (138/5)/(h/(-720))?
8
Let s = 8970 + -4904. What is the thousands digit of s?
4
Let f(b) = -3*b**3 + 80*b**2 + 72*b - 27. What is the units digit of f(20)?
3
Suppose -y - 39 = 5*j + 45, -2*y = j + 15. Let v = j + 199. What is the tens digit of v?
8
Let k = 4405 - 266. What is the thousands digit of k?
4
Let f(q) = 176*q + 625. What is the units digit of f(16)?
1
What is the tens digit of -5*((-77506)/10 + (-34 + 25 - -13))?
3
Let v = 220 - 176. What is the units digit of 2/11 + 19088/v?
4
Let v be (-6)/(-21) - (-6)/(-21). Suppose v = -h + 373 - 44. Let j = h + -191. What is the hundreds digit of j?
1
Let x(w) = -w**3 - 6*w**2 + 38*w - 17. Let c be x(-10). Suppose -c*v + 17 - 209 = -4*i, 5*i - 251 = v. What is the units digit of i?
1
Suppose 3*i - 4*t - 6643 = 0, 52*t - 48*t + 2209 = i. What is the hundreds digit of i?
2
Let m = -80 + 86. Let j be (-16)/(-6)*((-81)/m)/(-9). What is the tens digit of 12/(-48) - (-237)/j?
5
Let l be (-1 + -5)*(-19848)/(-18). What is the tens digit of 120/(-200) - l/10?
6
Suppose 7*h = 4*h + 9. What is the tens digit of 257 - h/((-12)/8)?
5
Let o = -30 - -35. Suppose 414 = l + o*l. What is the tens digit of l?
6
Let f(s) = -s**2 - 4*s - 1. Suppose -4*h = 5 + 7. Let c be f(h). Suppose -227 = -c*a + 9. What is the units digit of a?
8
Suppose -2*o + d = -24, -3*d + 11 = o - 1. Let a be o*9/(-6) + (-2 - -4). Let g = a - -37. What is the units digit of g?
1
Suppose 3*f - 176 = -f. Let w be (2/4)/(f/16 - 3). What is the tens digit of ((-90)/3)/(w/3)?
4
Let t(l) = 1661*l + 3. Let s be t(1). Suppose 4*v - 5*w = 3334, w + s = 2*v - 0*w. What is the units digit of v?
1
Let l(t) = 43*t**2 - 15*t + 20 + 17*t + 5*t. What is the units digit of l(6)?
0
Let j(r) = -r**3 + 37*r**2 - 38*r + 71. Let y be j(36). What is the units digit of (-7)/(y/2 + -3)?
2
Let d = -11495 + 27745. What is the thousands digit of d?
6
Let p(v) = 22*v**2 + 40*v + 46. Let u be p(28). Suppose -u = -60*i + 54006. What is the units digit of i?
7
Suppose -33*z + 3844 + 14603 = 0. What is the hundreds digit of z?
5
Suppose -22 = 3*r - 19. Let a(g) = -315*g**3 + 2*g**2. Let x be a(r). Let p = x - 173. What is the units digit of p?
4
Suppose -403*h = -410*h - 42. Let d(y) = 13*y**2 - 21*y - 53. What is the tens digit of d(h)?
4
Let l = -719 - -722. What is the tens digit of ((-21)/28*282)/(l/(-4))?
8
What is the units digit of 3/(-10) - (0 - 204926/20)?
6
Let s = 36 + -32. Suppose 0 = 6*n - 8*n + s. Suppose n*v - v = 56. What is the tens digit of v?
5
Let a be (-42)/12*8/(-7). Suppose a*l = -4*o + 60, -l = l + o - 30. What is the tens digit of 5*4*l/10?
3
Suppose -5*j - 2*j = 10*j. Suppose 2*b - 7 = 2*p + 27, b = -5*p + 35. Suppose -b = -j*k - 4*k. What is the units digit of k?
5
Suppose 717*u - 596*u - 5807032 = 0. What is the hundreds digit of u?
9
What is the units digit of (5 - 315/36)*(-6280)/6?
5
Let d = 22991 + -9045. What is the hundreds digit of d?
9
Let d(z) be the second derivative of 63*z**6/40 + 6*z**2 + 32*z. Let y(f) be the first derivative of d(f). What is the hundreds digit of y(1)?
1
Let c(o) = 257*o**2 - 10*o - 11. What is the units digit of c(6)?
1
Let f = 70 - 15. Suppose 10*a + a = f. What is the units digit of a?
5
Let r be 0 + 4/(-14) - (-24372273)/987. Suppose 32*v - r = -6165. What is the units digit of v?
9
What is the units digit of (40/(-25))/((-103)/5810230)?
6
What is the tens digit of (-418000)/(-600)*(-27)/(-2)?
0
Let l(z) = 71*z**2 - 64*z + 16. Let n(x) = -14*x**2 + 13*x - 3. Let w(j) = -2*l(j) - 11*n(j). What is the units digit of w(-4)?
3
Suppose -152 + 416 = -8*g. Let d = g - -37. Suppose d*t - 12 = -0. What is the units digit of t?
3
Let s(f) = 4*f**2 - 5*f - 4. Let j be s(-1). Suppose -217 = 2*v - d - 736, 4*d = j*v - 1305. What is the hundreds digit of v?
2
What is the units digit of (-66773)/(-9) + (-86)/387?
9
Let a = 438 + -302. Suppose -40*y = -38*y - a. What is the units digit of y?
8
Let s(f) = 8996*f**2 - 71*f + 83. What is the thousands digit of s(1)?
9
Let r(z) = 65*z**3 - 4*z**2 - 6*z - 7. Let g be r(-2). Let u = -214 - g. What is the units digit of u?
7
Let p(v) = -3*v**3 - 169*v**2 - 41*v - 375. What is the tens digit of p(-58)?
2
Let p = 516 + -515. What is the thousands digit of (-6 + -1)*p + 1395?
1
Suppose -25 = -2*p + 3. Let z = -34 + p. Let v = z + 149. What is the hundreds digit of v?
1
Suppose -193*b = -192*b - 4. Suppose -b*c = -145 + 17. What is the tens digit of c?
3
Suppose -47*p - 9817984 = -399*p. What is the units digit of p?
2
Let p = 50 - 42. Suppose p*x - 593 = 1111. What is the tens digit of x?
1
Let s = 693 + -482. Suppose -s*l + 996 = -209*l. What is the units digit of l?
8
Let c(r) be the second derivative of -28*r + 0 + 1/20*r**5 - 1/2*r**4 + 3*r**2 - 1/2*r**3. What is the units digit of c(9)?
2
Suppose 174*r + 103*r = 12188962 - 4082557. What is the thousands digit of r?
9
Let q = 9470 - -16667. What is the thousands digit of q?
6
Suppose 3*j = -3*b, 3*b - 4 = -5*j + j. What is the hundreds digit of b + (-10)/5 + 207?
2
Suppose 45*w + 34155 = 60*w. What is the units 